 2. Let p be m(-2). Let a(g) = -g + 12 - 3*g + 6*g. Let c be a(9). Calculate the greatest common divisor of p and c.
6
Suppose -786 = 6*h - 3612. Let w be ((-12)/16)/3 - h/(-12). What is the highest common divisor of w and 195?
39
Let q = -33 + 35. Suppose -3*f + 25 = -2*n, 26 = q*f + 4*n - 3*n. Calculate the greatest common divisor of f and 88.
11
Let w be 2/(-12) - ((-16494)/36 - 1). Calculate the highest common factor of 51 and w.
51
Suppose -477*k + 474*k + 252 = 0. What is the greatest common divisor of 189 and k?
21
Suppose 3*f = -s + 31, 2*s + 0*s - 22 = 2*f. Let k = s + -8. Calculate the greatest common divisor of k and 4.
4
Let j = 5 + 19. Let r = -359 - -455. Calculate the greatest common divisor of j and r.
24
Let a(l) = l**3 - 6*l**2 + 3*l - 10. Suppose 4*y - 3*m - 41 = -5, -3*y + 4*m = -34. Let j be a(y). Calculate the highest common factor of 2 and j.
2
Let r(s) = 8*s + 19. Let z(w) = -w**2 - w + 1. Let j(a) = -r(a) - z(a). Let g be j(12). What is the highest common factor of g and 16?
8
Let a(r) = -35*r**3 + 2*r**2 + r. Let p(m) = m**3 - m - 1. Let w(x) = a(x) + 2*p(x). Let s be w(-1). Calculate the greatest common factor of 306 and s.
34
Let l = 3 + -1. Suppose -4*h = -4*p - 8, 0 = -5*h + 3*p - 0*p + 16. Let w be (-1 - 2)/(-3) + h. Calculate the greatest common divisor of l and w.
2
Let w be (350*-1)/(-2) + -6. Calculate the highest common divisor of w and 13.
13
Let x be 2/4*(1020 + 8). Suppose 0 = l - 5*g - 160, 3*g = 5*l - x - 242. Let o = 20 - -10. What is the highest common divisor of l and o?
30
Let t(n) = 3*n + 318. Let m be t(-12). Calculate the greatest common factor of m and 6.
6
Suppose -o - v - v - 20 = 0, -3*v + 48 = -5*o. Let a be 1/(-4) + (363/o)/(-1). What is the highest common factor of a and 75?
15
Let r(s) = s + 36. Let o be r(13). Suppose 3*b = 5 + o. Calculate the greatest common divisor of b and 162.
18
Suppose -21*m + 7*m = -18270. What is the greatest common factor of 30 and m?
15
Let f(m) = -38*m**3 - 2*m**2 - 4*m - 3. Suppose r + r + 1 = -w, 5*r + 2 = -2*w. Let n be f(w). What is the highest common divisor of 333 and n?
37
Let v = -1 - -5. Let f be ((-41)/(-2))/(v/8) + 3. Calculate the highest common factor of 11 and f.
11
Let g = -25 - -18. Let a(d) = d**3 + 8*d**2 + 2*d - 8. Let t be a(g). Suppose -9*l + t = -6*l. Calculate the greatest common divisor of 63 and l.
9
Let g = -105 - -107. Calculate the highest common factor of 2 and g.
2
Let m = -43 - -73. Suppose 0 = -w + 3*w - m. Calculate the highest common factor of 3 and w.
3
Suppose 4*q + 32 - 24 = 0. Let c be ((1 - -21) + -1)*q/(-6). What is the greatest common divisor of 21 and c?
7
Suppose 0 = -2*h - 111 - 13. Let j = 86 + h. What is the greatest common factor of 6 and j?
6
Suppose -z = -2*i + 14 - 0, -3*i = 4*z + 1. Suppose c - i + 3 = 0. Let r be 104/c + 3 + 0. What is the highest common factor of 5 and r?
5
Let c(x) = -22 - 2*x + 22 + 8*x**2. Let m be c(3). Suppose 0 = -3*g + 5*d + 178, -6*d - m = -g - d. Calculate the greatest common factor of g and 8.
8
Let r be (-285)/38*(-22)/(-3). Let y = 139 + r. Let k = 21 + -9. Calculate the greatest common divisor of y and k.
12
Let h(s) = s**2 - 9*s - 178. Let p be h(-10). Calculate the highest common factor of 87 and p.
3
Suppose 4*i + i - 100 = 0. Let s(f) be the second derivative of -29*f**3/3 - 7*f**2 + 26*f - 2. Let a be s(-3). What is the greatest common factor of i and a?
20
Let f = -98 + 69. Let g = f + 110. Let p = -3 - -12. What is the highest common divisor of p and g?
9
Let m = 6 - -5. Suppose 6 = 2*x + x. Suppose -q + o = 2*q - 37, -5*q - x*o + 47 = 0. What is the highest common divisor of m and q?
11
Let w be ((-4)/(-36) + 0)*3*3. Let d = 148 + -138. What is the greatest common divisor of w and d?
1
Suppose 5*z + 5*q - 5 = 0, -2*z = -z + 3*q + 7. Suppose o - 36 = 19. What is the greatest common divisor of z and o?
5
Let z be -1*-1*(-2)/(-2). Suppose -3 = -3*r, 7*r + 9 = 2*s + 4*r. What is the highest common divisor of s and z?
1
Suppose -l - 4*n = -164, 0 = -3*l + 8*l - 4*n - 748. Suppose 4*o + o + 9 = 2*x, o + 1 = 0. Suppose x*a + a = 57. What is the greatest common divisor of a and l?
19
Let b = 32 - -73. Let j(d) = -2*d**2 + d + 35. Let a be j(0). What is the greatest common factor of a and b?
35
Let r be 415/10*108/9. What is the highest common divisor of 6 and r?
6
Let i be (-85)/(-20) + 1/(-4). Suppose -5*w - 620 = -5*y, -i*y + 2*w = -136 - 352. Let g be (-154)/(-8) + 18/24. What is the greatest common divisor of y and g?
20
Let d = 25 - 21. Suppose 5*b = d*h - 0*b - 110, 5*h + 5*b = 115. Calculate the greatest common divisor of h and 25.
25
Suppose 5*g - 5*b = 220, 2*g + 5*b - 1 = 87. Let i be ((-1)/5*-55)/1. Calculate the greatest common factor of g and i.
11
Let h(d) = d**3 + 6*d**2 + d + 26. Let m be h(5). Calculate the greatest common factor of m and 34.
34
Suppose 33 = -o - 3*j, -3*j = -2*o - 32 + 11. Let u = o + 23. What is the greatest common factor of 10 and u?
5
Suppose 3*s + 0*s = -27. Let o = -7 - s. Suppose 3*z - l - 42 = 0, o*l + 1 = z - 18. What is the highest common factor of z and 13?
13
Let g(s) = 3*s - 11. Let t be g(17). What is the highest common factor of 90 and t?
10
Suppose t + 110 = -4*t. Let y = t - -32. Let w = 17 + -7. Calculate the highest common divisor of w and y.
10
Let h = 102 - 72. Calculate the highest common divisor of 90 and h.
30
Let x = -412 - -426. What is the greatest common divisor of 98 and x?
14
Suppose 0 = -4*n - 2045 - 115. Let v be (9 + -2)*n/(-35). What is the highest common factor of v and 12?
12
Let z = -32 - -40. Suppose -3*y + 4*y = -4*i + 108, 5*y = -3*i + 523. Calculate the greatest common factor of z and y.
8
Suppose 0*t = -5*l - t + 165, -2*l = 3*t - 66. Calculate the highest common factor of 154 and l.
11
Let u be (-5)/((-6)/(90/25)). Suppose l + 323 = 5*p, -u*l - 157 = -4*p + 108. What is the greatest common divisor of p and 8?
8
Let c(x) = -355*x**3 + x**2 + 2*x - 2. Let y be c(1). Let w be 0 + (2 + y)/(-4). What is the highest common factor of w and 8?
8
Let z = -51 + 42. Let f be (232/(-24))/(1/z). What is the greatest common divisor of f and 58?
29
Let f = -366 - -388. What is the highest common divisor of f and 264?
22
Let q = 204 + -168. Calculate the greatest common factor of 24 and q.
12
Let u = 311 - 146. Let j(m) = m**3 + 4*m**2 + 2*m - 2. Let i be j(-2). Suppose -x = i*x - u. Calculate the greatest common divisor of x and 11.
11
Let c be 66/9*(-12)/(-8). Suppose c = 3*p + 2. Suppose -2*z - p*g = -68, -z - 2*g = -7*g - 60. What is the greatest common divisor of z and 8?
8
Suppose 0 = -2*y + 3 + 3. Suppose y*d - l - 144 = 4*l, -d - 4*l = -48. Calculate the highest common factor of d and 12.
12
Let q(v) = 30*v - 1. Let w be q(6). Let r = 263 - w. Let i(p) = -p**3 - 23*p**2 + 22*p - 36. Let x be i(-24). What is the greatest common factor of x and r?
12
Let a = 448 + -332. What is the highest common divisor of a and 87?
29
Suppose -8*a + 2258 + 166 = 0. Let z be a/9 + 2/6. What is the greatest common factor of 17 and z?
17
Let i = -48 + 63. Suppose 5*g + 380 = i*g. What is the highest common factor of 57 and g?
19
Suppose 6*p - 232 = 2*p. Suppose 0 = i + 3*h - p, h + 256 = 5*i - h. Let o be (1/2)/(3/78). What is the highest common divisor of i and o?
13
Let z be ((-34)/6)/((-7)/(-21)). Let o = 25 + z. Calculate the greatest common divisor of o and 32.
8
Let i be 71 + ((-270)/(-81))/(5/6). Calculate the highest common divisor of 345 and i.
15
Let d = 46 - -69. Let x = -98 + d. Calculate the highest common factor of x and 17.
17
Let o(t) = 4*t + 96. Let m be o(-19). Let y = 89 - 9. What is the highest common divisor of m and y?
20
Let w(c) = 13*c**2 - 15*c + 35. Let t be w(2). Calculate the highest common divisor of t and 114.
57
Suppose i = -4*q + 401, -4*q - 5*i + 90 = -315. What is the highest common divisor of 625 and q?
25
Let w = -675 + 1091. What is the greatest common factor of 26 and w?
26
Let c = 35 + 839. Calculate the highest common divisor of c and 38.
38
Let d = -7 + 17. Let y be (1 + 31)/((-12)/(-20)*20/30). What is the greatest common divisor of y and d?
10
Let f be (144/15)/(3/75). Calculate the highest common factor of f and 180.
60
Suppose -5*i - 32 = 43. Let g be (-126)/i + (-2)/5. What is th